+ 9*d = 3. What are the prime factors of 3 + -6 + 24 - d?
2, 5
Let y = 17 - 7. Let r = 4 + 9. Let k = y + r. What are the prime factors of k?
23
Let r(l) = l - 11. Suppose z + 5*w - 19 = -4, 0 = 4*z - 5*w - 10. Let a be r(z). What are the prime factors of (8/a)/((-6)/45)?
2, 5
Suppose -5*g + 108 = -82. Suppose g = -5*r + 13, 3*y - 37 = 2*r. What are the prime factors of y?
3
Let c(i) = -i**3 - 3*i**2 - 2*i - 3. Let x be c(-3). Let p be 0/(-2 + 3 + 0). Suppose p = x*y - 42 + 6. What are the prime factors of y?
2, 3
Let m = -31 + 5. Let f = m + 69. List the prime factors of f.
43
Let k = 152 + -46. What are the prime factors of k?
2, 53
Let x(t) = -3*t - 10. What are the prime factors of x(-13)?
29
Let y(p) = -p**2 + 9*p - 9. Suppose 3 = k - 4. Let g be y(k). Suppose -g*i = -4 - 21. What are the prime factors of i?
5
Let t = 183 + 45. What are the prime factors of t?
2, 3, 19
Let b be 26*(-3 - (-3 - 2)). Suppose 0*m - b = -w - 2*m, -5*w + 218 = -4*m. List the prime factors of w.
2, 23
Let q = -4 - -6. Suppose q*x = x. Suppose -3*d + 22 + 14 = x. What are the prime factors of d?
2, 3
Suppose 3*k - 2*b = 2, -1 = -4*k - 2*b + 25. Suppose 4*j - 3*l - 10 = -l, j = -l + k. What are the prime factors of j?
3
Let k be (-4)/18 - 1736/(-36). Suppose -c + k = 3*c. What are the prime factors of c?
2, 3
Let m(z) = -z**3 - z**2 + 1. Let w(r) = 7*r**3 + 13*r**2 + 7*r - 2. Let l(n) = 6*m(n) + w(n). Let x be 1/(0 + 2/(-10)). What are the prime factors of l(x)?
19
Suppose 11*h - 8*h - 351 = 0. What are the prime factors of h?
3, 13
Let z(b) = 5*b**2 + 2*b. List the prime factors of z(-3).
3, 13
Suppose 2*y + 10 = 0, 4*w + w - y - 525 = 0. List the prime factors of w.
2, 13
Let a = 8 + 50. What are the prime factors of a?
2, 29
Suppose -18*p = -23*p + 450. What are the prime factors of p?
2, 3, 5
Let s be ((-2 - 2) + 3)*-3. Suppose 0 = 3*u - 4*f - 28, 4*u + 5*f = -s - 1. List the prime factors of u.
2
Let g(f) = -6*f + 1. What are the prime factors of g(-12)?
73
Let p(i) = -3*i - 3. Suppose -4*l - 2*j = -2, -3 - 6 = -3*l - 3*j. Let w be p(l). List the prime factors of 5*(w - 2) - -3.
2
Let h(v) = -v**3 + 16*v**2 - 9*v - 17. What are the prime factors of h(15)?
73
Let l be (4/6)/((-2)/36). Let t be l/20*(-4 + -1). Suppose 5*r = 2*n - 0*r, t*r = 6. List the prime factors of n.
5
Let z = 47 - 12. Suppose -z = -2*c - 7. List the prime factors of c.
2, 7
Let k be -3 + 1 + -1 + -1. Let n be 0/2 + -2 - 0. List the prime factors of 2 + k/n + 6.
2, 5
Let t(h) = 15*h**2 - 2*h + 1. Let y be t(1). List the prime factors of 4*(-4)/8 + y.
2, 3
Let i(t) = t**2 + t + 2. Let c be i(2). Let u(d) be the third derivative of -d**5/60 + 5*d**4/12 - d**3/6 + d**2. What are the prime factors of u(c)?
3, 5
Let s(o) be the first derivative of -o**4/4 - 10*o**3/3 + 4*o**2 - 12*o + 3. List the prime factors of s(-11).
3, 7
Let p = 6 + -11. Suppose 0 = -3*n + 1 + 11. What are the prime factors of ((-6)/n)/(p/10)?
3
Let o = 194 - 96. What are the prime factors of o?
2, 7
Suppose 6 = -3*v - 0*d + 4*d, v + 10 = 4*d. Let b = v + 21. List the prime factors of b.
23
Let i(j) = 5 + 5 + 6 - j - 4. List the prime factors of i(-12).
2, 3
Suppose -3*a + 26 = -82. List the prime factors of a.
2, 3
Suppose -5*y = 3*i + 75 - 202, -3*i = y - 143. List the prime factors of i.
7
Let u = -5 + 6. What are the prime factors of 20/u*(-2)/(-5)?
2
What are the prime factors of -1 - (-138 + (-5 - -4))?
2, 3, 23
What are the prime factors of 8/2 + 190/5?
2, 3, 7
Suppose -3*c - 1 = w, 0 = 4*c + 2*w - w. What are the prime factors of c/1 - (-46 + 0)?
47
Let f = 31 + -14. List the prime factors of f.
17
What are the prime factors of (-1)/(((-2)/(-10))/(456/(-20)))?
2, 3, 19
Let u = 7 + 2. Let q = u - 1. Let t = -3 + q. List the prime factors of t.
5
Let k = 32 - 19. What are the prime factors of k?
13
Let q = 81 - 52. List the prime factors of q.
29
Let m = 15 + 18. Suppose 27 + m = 4*k. List the prime factors of k.
3, 5
Suppose -5*p + 44 = -4*c, -p - 2*c + 15 = -5. What are the prime factors of ((-16)/p)/(2/(-9))?
2, 3
Let m = 1 + 1. What are the prime factors of m?
2
Suppose -3*d - 6 = -24. List the prime factors of d.
2, 3
Suppose 2*p - 4*m = 16, -4*p - 3*m + 0*m + 54 = 0. What are the prime factors of (-5 - -1)*(-9)/p?
3
Suppose 0 = -a, 9*a + 16 = -2*c + 4*a. Let s = c + 12. Suppose -31 + 7 = -s*q. What are the prime factors of q?
2, 3
Suppose -r = -5*r + 3*s + 43, -3*r = -s - 36. Suppose r - 50 = -f. What are the prime factors of f?
37
Suppose b - 8 - 1 = 0. List the prime factors of b.
3
Suppose 0 = -4*m + 11 + 1. Let u(i) = m + 4 - 2*i - 1 + 3*i. What are the prime factors of u(7)?
13
Suppose -3*n - r + 13 = -n, -r = -4*n + 11. Let v(h) = -4 - 2 + 0*h - n*h. What are the prime factors of v(-4)?
2, 5
Let x(j) = -45*j**3 - 2*j**2 - 3*j - 2. List the prime factors of x(-1).
2, 11
What are the prime factors of (8/(-2))/(-2) - -73?
3, 5
Suppose 5*k - f - 3 + 2 = 0, -5*f - 5 = 0. Suppose k*r - 48 = -3*r. What are the prime factors of r?
2
Let v(j) = -5*j. Let s be v(-2). Suppose 0 = 2*r - s - 104. Suppose 4*h - r = 3*c, 27 = h - 0*h - 5*c. List the prime factors of h.
2, 3
Let o = 46 - 22. Suppose o - 6 = 3*c. List the prime factors of c.
2, 3
Suppose b = -b, 2*b = 3*x. Suppose -3*q + 27 + 33 = x. What are the prime factors of q?
2, 5
Let b(t) = -t**2 + 13*t + 2. Let q be b(11). Let d = q - 11. List the prime factors of d.
13
Let l(v) = -v**2 - 30*v - 14. What are the prime factors of l(-12)?
2, 101
Let p(q) be the third derivative of -q**4/12 - 13*q**3/6 + 3*q**2. What are the prime factors of p(-9)?
5
Let c = 26 + -23. List the prime factors of c.
3
Let n be 9 + -1 + -4 - 2. Suppose -3*i - n*i = -50. List the prime factors of i.
2, 5
Suppose -20 = 4*s - 5*q + q, -4*s = 2*q + 44. What are the prime factors of (-26)/(-3)*(-27)/s?
2, 13
Suppose -6*l + 13 = -5*l. List the prime factors of l.
13
Let o = -10 + 6. Let w(d) = 4 + 0*d + d**2 + 4*d + 0*d. List the prime factors of w(o).
2
Let m = 304 - 215. What are the prime factors of m?
89
Let j = 5 + 1. Suppose j + 12 = 2*a. List the prime factors of a.
3
Let c = 41 + -4. List the prime factors of c.
37
Let z(y) = -9*y**3 - y - 1. Let f = 0 + 3. Suppose -5*m + 2*w = -3, -w - 1 = f. What are the prime factors of z(m)?
3
Suppose -7*l + 9*l = 70. What are the prime factors of l?
5, 7
Suppose 5*i + p = 30, 4*i - 5*p + 6 - 1 = 0. Suppose -2*c - 152 = -5*c + 2*k, -i*c = -4*k - 254. What are the prime factors of c?
2, 5
Let f = 4 - 2. Let x be 2 + ((-52)/f)/(-2). Let d = x + -4. List the prime factors of d.
11
Suppose -3*j - 3*p - 2*p + 46 = 0, -5*j = 4*p - 68. List the prime factors of 128/j*(-6)/(-4).
2
Suppose 3*t = 3*p - 90, -2*t = 6*p - 2*p - 150. What are the prime factors of p?
5, 7
Suppose -12 + 2 = -c. List the prime factors of c.
2, 5
Suppose -y + 0 - 4 = l, 5*y + 22 = -3*l. Let r = 35 - y. List the prime factors of r.
2, 5
Let h be -4 + 1 + 21/7. Suppose h = 5*y - 2*y - 96. What are the prime factors of y?
2
Suppose 4*o - 2*s = 10, -2*s = -5*o - s + 8. Let r(l) = 60*l. Let g be r(o). List the prime factors of 6/(-21) - g/(-14).
2
Let y(n) = -n**2 - 7*n + 2. Let u be y(-7). Suppose 5*h - h - 36 = -4*j, u*j + 18 = 2*h. What are the prime factors of h?
3
Suppose 3*h + 2*h - 135 = 0. Suppose -18 - h = -5*s. What are the prime factors of s?
3
List the prime factors of 1*2/4*8.
2
Suppose -3*k + 12 = k. What are the prime factors of k?
3
Let q(t) = -5*t + 10 - 7 + 0*t + 7 + t**2. List the prime factors of q(4).
2, 3
Suppose -f = 2*k + 4*f, 0 = 5*f. Suppose 2*h + 1 = r + 4*h, -h - 1 = k. Suppose -4*j + r = n - 18, -2*n + 14 = j. List the prime factors of n.
5
Let v(y) be the second derivative of -y**4/12 + y**3/2 - y**2 - 2*y. Let a be v(2). Let c(i) = i**3 + 13. List the prime factors of c(a).
13
Let u be 2 - -7 - 2 - 2. Suppose 5*c + 30 = 5*x, -2*x + u*c + 26 = x. Suppose -p + 5 = -x. List the prime factors of p.
7
Let d = 11 + 4. Let v = d - 4. What are the prime factors of v?
11
Let d be (-3)/(-2)*8/3. Suppose -20 - 44 = -d*j. What are the prime factors of j?
2
Let l be 0 - (1 + 1 + -27). Suppose 0 = -5*t + l, 5*t - 15 = 2*i - 0*i. Suppose -4*z - 2*r + 35 = -z, -z + r + i = 0. List the prime factors of z.
3
Let k = -66 + 108. List the prime factors of k.
2, 3, 7
Suppo